r be 54/(-6)*(3 + -24). Calculate the highest common factor of r and 7.
7
Suppose 5*v + 7*y - 1756 = 0, 7 = -0*y - 3*y - 14. Let p = 20 - 1. Calculate the greatest common divisor of v and p.
19
Let z = 5 - 3. Let p(u) = u + 1. Let h = -5 - -8. Let t be p(h). What is the greatest common divisor of z and t?
2
Let x = -179 + 184. Let l be (-1 + -7)/2 + 55/x. Let a be (-1 + -34)*(4 - 5). What is the greatest common factor of a and l?
7
Let q(h) = -3*h**3 - 3*h**2 + 3. Let u be q(-2). Let t = 6 - u. Let w be (t/3)/(-3 + 62/21). What is the highest common divisor of 21 and w?
21
Let l(i) = -2*i + 29 - 23 - 15 - 31. Let x be l(-23). What is the highest common factor of 123 and x?
3
Let b = -76 - -108. Suppose 8*j - 13*j - 1125 = 0. Let x = -221 - j. Calculate the highest common divisor of b and x.
4
Suppose -1122*d = -1071*d - 1632. Let q(h) = 4*h**3 - 3*h**2 + 3*h + 4. Let c be q(3). Suppose 3*u - c = 146. Calculate the highest common factor of d and u.
16
Let d(c) = 59*c**3 + c - 1. Let f = -39 - -37. Let b be (15/(-15))/(1/f). Let j be d(b). What is the highest common factor of j and 43?
43
Let d be (-245)/(-10)*(-96)/(-28). Let n = -84 + d. Suppose n = a, a + 0*a - 18 = -r. What is the greatest common factor of r and 12?
6
Let l = -8 + 2. Let m be 4/l + 92/3. Let u = -3562 + 3592. What is the greatest common divisor of u and m?
30
Suppose -8 = -4*y, -278*z = -276*z - 5*y - 60054. Calculate the greatest common factor of 16 and z.
16
Let t = -42 - -44. Suppose 0 = -t*n - 2*m + 224, n - m - 100 = 2*m. Suppose -127 + n = -j. Calculate the greatest common divisor of j and 18.
18
Suppose 56*s - 51*s = 20. Calculate the highest common factor of 212 and s.
4
Let m be 2/(-12) - (-2356)/24. Calculate the highest common divisor of m and 42.
14
Let q(y) = y**3 + 15*y**2 + 3*y - 3. Let p be q(-13). What is the greatest common divisor of 5180 and p?
148
Let i(l) = 31*l + 840. Let u be i(10). Calculate the highest common factor of 46 and u.
46
Let b(y) = -48*y**2 - 18*y - 1. Let m(t) = -23*t**2 - 11*t - 1. Let z(f) = -3*b(f) + 5*m(f). Let v be z(-1). Calculate the highest common divisor of 12 and v.
4
Let o be (-75)/275 - (-4320)/110. What is the highest common factor of o and 6162?
39
Suppose f - 8 = -3*v, -2*v + 5*f + 5 = -6. Suppose 0 = 4*a + 3*z - 305, -v*z = a - 33 - 32. Calculate the greatest common divisor of 10 and a.
10
Let n(m) = 11*m**2 - 1184*m - 277. Let k be n(108). Calculate the greatest common factor of k and 695.
5
Let i be (15*-57)/(-27 - -26). Suppose 891 - i = 2*m. Calculate the greatest common divisor of 66 and m.
6
Suppose -37*i + 20369 = -24697. Calculate the highest common factor of i and 84.
42
Let s be 4 + (-3)/6 + (-57)/38. What is the highest common divisor of s and 7?
1
Let c be 9 + (-1)/(-4) + (-3)/12. Suppose 2*s - 298 = -10*j + c*j, -j = -3*s - 318. What is the highest common factor of j and 34?
34
Let w(m) = 12*m**2 - 78*m - 710. Let b be w(-8). What is the highest common factor of 44 and b?
22
Let c(f) = f**3 - 3*f**2 - 109*f + 45. Let b be c(-9). Calculate the highest common divisor of 873 and b.
9
Let y be (48/(-36))/(4/(-18)). Suppose 4*i - 5*l + 1430 = y*i, 3*l = -2*i + 1430. Calculate the greatest common divisor of 55 and i.
55
Let h(j) = -3*j + 6. Let r be h(0). Let i be (-80)/r*(-12 + 9). Suppose 4*s - 3*s - 57 = 3*p, 3*s = 4*p + 176. Calculate the highest common factor of i and s.
20
Suppose 4*v + 173 = 5*r - 231, 0 = -5*v - 5. Let k = -90 + 102. Let q be r/k + 2/(-3). Calculate the greatest common factor of q and 48.
6
Let q be 9/3*(-80)/(-3). Let n = -426 - -526. Calculate the highest common divisor of n and q.
20
Suppose -8*h = -134 - 42. Let d be -7 + 4 - -731 - 3. Suppose o = -2*y + 187 + 298, o = 3*y - d. Calculate the greatest common divisor of y and h.
22
Let v(f) be the first derivative of -3*f**2/2 - 24*f - 9. Let h be v(-6). Let k be (44/h)/((-4)/12). What is the highest common divisor of k and 33?
11
Let z(u) = 73*u - 959. Let q be z(14). Calculate the greatest common factor of 261 and q.
9
Suppose 317*v - 197298 = 91*v. Calculate the greatest common factor of 117 and v.
9
Suppose -300 = 3*k - 3*p, 8 = -p + 3*p. Let q be (k/56)/((-2)/28). Calculate the greatest common factor of 32 and q.
8
Suppose -12*i + 8646 + 7524 = 18*i. What is the highest common factor of i and 98?
49
Suppose 0 = 4*l - 186*v + 185*v - 174, 2*v = 2*l - 78. What is the highest common divisor of l and 3495?
15
Let x be ((-10)/(-8))/(1/36). Suppose -246*k = -250*k + 4*u + 136, -3*k - 5*u = -118. Calculate the highest common divisor of x and k.
9
Let b(h) = 2 - 406*h + 207*h + 210*h**3 + 196*h. Let n be b(1). Calculate the greatest common factor of n and 44.
11
Suppose -3*x + 49 = 49. Let h(j) = -9*j + x - j**2 + 1 + 0 - 4. Let z be h(-7). Calculate the greatest common factor of 77 and z.
11
Let i be (2/(-4))/((-5)/40). Let p be 0 + 5 - 4/i. Suppose -4*t + 23 - 7 = 0. Calculate the greatest common factor of t and p.
4
Let j = 6205 + -6170. Calculate the greatest common divisor of j and 224.
7
Suppose -4*k = 3*x - 1075, 5*k + 2*x - 1345 = -3*x. Let g = -175 + 179. Let r be -2 + (g - -2) + k. What is the greatest common factor of 16 and r?
16
Let w = -2368 + 2540. What is the highest common factor of 1462 and w?
86
Let y(b) = -b**3 - 5*b**2 - 2*b - 6. Let r be y(-6). Let u = r + -37. Suppose 122 + 68 = u*q. Calculate the highest common divisor of q and 19.
19
Let r(f) = 3*f**2 - 75*f + 27. Suppose 0 = n + 13*y - 14*y - 31, 5 = -y. Let x be r(n). What is the highest common factor of 35 and x?
35
Let g(i) = -5*i + 31. Let p be g(8). Let k be (-133)/p + (-8)/(-36). Calculate the highest common factor of 75 and k.
15
Suppose -4*o = 4*o + 17*o. Suppose -3*j - 964 = -5*q + 188, -q + 2*j + 229 = o. What is the greatest common factor of q and 21?
21
Suppose -2*y = -6*y. Suppose -4*g = 2*x - y*x + 16, 8 = -2*x. Let z be 3 + (-100)/g + 4. Calculate the highest common factor of z and 19.
19
Suppose i = 3*v + 599, 3013*i - 3016*i + 3*v + 1815 = 0. Calculate the greatest common factor of i and 57.
19
Let c(j) = j**3 + 9*j**2 + 4*j. Let q be c(-5). Let k = -451 + 1455. Let u = k - 972. Calculate the highest common factor of u and q.
16
Suppose -4*h + 0*h = 4. Let v be h + 0 + -3 + 92. Suppose 5*n - 38 = -3*r, r - v = -2*r + 5*n. What is the highest common factor of r and 189?
21
Let j = -924 + 927. Let o = -35 - 11. Let l be 10/60 - o/12. Calculate the highest common divisor of j and l.
1
Suppose 57*v - 195*v - 123*v + 44370 = 0. What is the greatest common divisor of v and 1768?
34
Let l(q) = 12*q**2 + 166*q - 710. Let n be l(-43). What is the highest common factor of n and 60?
60
Suppose -9*v = 25*v - 6*v - 20300. Calculate the highest common factor of v and 377.
29
Let t = 3560 - 3547. Calculate the greatest common divisor of 6799 and t.
13
Suppose 0*g + g = 2*w - 69, 0 = -g - 4*w - 63. Let r be 2 - 207/(-1 + -2). Let z = r + g. What is the greatest common factor of z and 2?
2
Suppose 8*m + 34 - 154 = 0. Suppose 9 + m = 2*p. Let j(a) = -8*a - 18. Let l be j(-6). What is the greatest common factor of p and l?
6
Let i = -2144 + 2576. Let y be 7/(-49) - (-674)/14. Calculate the greatest common divisor of i and y.
48
Suppose -4*y - 2*o + 1590 = 0, 8*y + o = 5*y + 1195. Let c(i) = -57*i + 10. Let m be c(-4). Let q = y - m. Calculate the highest common factor of q and 18.
18
Suppose w - 2 = 5. Suppose w*m = 30 - 2. Suppose m*b - 10 = -6. What is the highest common factor of 8 and b?
1
Suppose 2*p + 4*p = -192. Let g = 32 + p. Suppose -3*k = t - 88, 3*k + 18 - 6 = g. What is the highest common divisor of t and 40?
20
Let c be (-3)/(12*11/(-88)). Let f = 87 + -25. What is the highest common factor of c and f?
2
Let c = 3066 - 3051. What is the greatest common divisor of 705 and c?
15
Let n(t) = t**2 + t - 16. Let p be n(5). Suppose -6*r + 56 = p. What is the greatest common factor of 91 and r?
7
Suppose -d + 135 = -5*p - 6*d, 5*d + 5 = 0. Let n(x) = -x**3 - 3*x**2 - 9*x - 81. Let l be n(-5). Let k = l - p. What is the highest common divisor of k and 60?
20
Suppose 3*w - 56 = w. Suppose -73*c - 493 = -305 - 1721. What is the greatest common factor of c and w?
7
Let r = 11223 + -6883. What is the greatest common factor of 490 and r?
70
Let j = -14161 + 18009